4/16*(-55 + -1)/4. Let j be -5 + (6/z)/((-16)/56). Give m(j).
-1
Let j(k) = -k**2 + 12*k - 4. Suppose -98*g = 2*g - 400. What is j(g)?
28
Let d = -9753 + 9756. Let k(w) be the third derivative of 1/3*w**4 - 5/6*w**d + 0 + 0*w + 1/120*w**6 + 29*w**2 - 3/20*w**5. Determine k(8).
-5
Let r(u) = u + 5. Let s be r(3). Let i be ((-3)/(-12) - 18/s) + -4. Let p be i/(-24) + ((-66)/8)/(-3). Let a(k) = 8*k + 1. Give a(p).
25
Let a be 18/6 - (-1 - -10). Let p(b) = b**2 + 13*b - 9. Let m(j) = -j**2 - 11*j. Let f(y) = -2*m(y) - p(y). Give f(a).
-9
Let i(l) be the third derivative of 7*l**2 + 0*l + 1 + 1/24*l**4 + 13/6*l**3. Give i(-10).
3
Suppose i - 2*i + 3 = 0. Let d(c) = 2*c + c**2 + 0 - 4 - i*c + 1. Let w = -3198 - -3201. What is d(w)?
3
Suppose -6*i + i - 55 = 0. Let k(s) = -44*s - 7. Let l(n) = 95*n + 13. Let w(b) = -13*k(b) - 6*l(b). Determine w(i).
-9
Let h(p) = 6 + 2 - 6 + 3*p + 5*p. Let o = -1774 - -1772. What is h(o)?
-14
Let w(z) be the first derivative of z**3/3 - 3*z**2 + 26*z - 74. Let u(s) = -2*s - 2. Let i(f) = 4*u(f) + w(f). Determine i(13).
5
Let r(c) = -13*c + 1226*c**2 - 1227*c**2 - 56*c - 434 + 14*c - 94*c. What is r(-3)?
4
Let o(w) be the third derivative of 0 - w**2 + 7/24*w**4 - 13/6*w**3 + 1/360*w**6 + 1/24*w**5 + 0*w. Let f(p) be the first derivative of o(p). What is f(-6)?
13
Let m be 1/((-2)/8*1). Let y(x) be the second derivative of -1/20*x**5 - 9 - 4*x - 1/3*x**4 - 5/2*x**2 + 0*x**3. Give y(m).
-5
Let t(g) = -3*g - 5. Let w be t(-3). Let k(z) be the second derivative of -3*z - z**2 - 1/12*z**4 - 4 + 1/3*z**3. Calculate k(w).
-10
Let y(i) = -6*i + 17. Let l(t) = 8*t - 1. Let c(n) = -l(n) - y(n). What is c(-15)?
14
Let f(c) be the second derivative of c**4/12 + 2*c**3/3 - 7*c**2/2 - 2*c - 27. Let v be 5*(0 + (1 - -1)). Let j be (2 + (-5)/2)*v. Determine f(j).
-2
Let a(g) = -127486*g**2 + 13 - 15*g + 0*g + 127487*g**2. Give a(14).
-1
Let o(b) = b**3 - 4*b**2 + b - 1. Suppose 4*g = -4*n + 28, -55 = n + 3*g - 68. Calculate o(n).
3
Let w(y) be the second derivative of -y**3 - 3*y**2/2 + 1347*y. What is w(-4)?
21
Suppose -3*v + 5*c - 51 = 0, 5*c + 246 = -5*v + 281. Let m(r) = r**3 - 2*r**2 - 5 + 7 - 2*r**3. Calculate m(v).
2
Suppose -4*l - 5*d + 32 = -2*d, l + 3*d = 17. Suppose -s + 0*j - 21 = l*j, 5*s - 35 = 3*j. Let q(z) = -s - 2*z + 14 - 3. What is q(6)?
-5
Suppose 5*n - 18 = -3*g, -g + 0 + 20 = 4*n. Let l(w) = -w - n + 3 + 11 + 6. Give l(12).
2
Let k(b) = 256*b + 264*b - 198 - 786*b + 259*b. What is k(-30)?
12
Let q(d) be the second derivative of 22*d**3/3 + 219*d**2 + 41*d - 15. What is q(-10)?
-2
Let d(n) = -n**3 - 6*n**2 - 2*n + 5. Suppose 0 = -122*l + 126*l - 4. Let j(g) = -7*g**2 - g + 3. Let h be j(l). Determine d(h).
-10
Let v(k) = -547*k + 48 + 12*k + 524*k. Calculate v(7).
-29
Let n(u) = -u**3 + 108*u**2 + 215*u + 558. Let j be n(110). Let g(m) = 6*m - 54. What is g(j)?
-6
Let u(o) = o + 1. Suppose 0 = 7*y - 4*y + 2*n + 20, -26 = 4*y + 2*n. Let d be 0*(33/22)/(y/(-4)). Give u(d).
1
Let c(o) = 193 - 186 - 2*o**2 - 5*o + 0*o - 8*o**2 + 12*o**2. Determine c(-5).
82
Suppose 0 = 5*x + 4*y - 36, 5*x + 3*y - 30 = 2. Let h(u) be the second derivative of 19*u - u**2 + 0 + 1/12*u**x + 2/3*u**3. What is h(3)?
19
Let p(l) = l + 8. Let d(o) = 15*o + 94. Let u(y) = -d(y) + 12*p(y). Give u(2).
-4
Let c be (-135)/(-10)*(-5 - 1). Let n = c + 80. Let d(g) be the second derivative of g**4/12 - g**2/2 - 10*g - 4. Calculate d(n).
0
Let m(y) = -13 - 29 + 47 - 3*y - 25. Let i(b) = b + 3. Let x(k) = 5*i(k) + m(k). Determine x(6).
7
Let s(c) = c**2 - 11*c + 10. Suppose 2*m - 4 = 4*j - 30, 3*m = 2*j - 7. Suppose 0 = 11*a - j*a - 27. Give s(a).
-8
Suppose 0 = t + 7*n - 6*n, -2*t - 3*n = -3. Let x(u) = -u**3 - 3*u**2 + 4*u + 2. Give x(t).
-10
Suppose -1 = t - 2*c, -4 = 25*t - 21*t + 3*c. Let x(n) = -16*n**2 - 5*n - 5. Calculate x(t).
-16
Let q(r) = r**3 - 25*r**2 + 21*r. Let y = 11792 + -11768. What is q(y)?
-72
Let f(k) = -k**3 - 5*k**2 + 6*k + 2. Let w be f(-6). Suppose -2*c - 16 + 8 = -2*x, -22 = -4*x + w*c. Let r(n) = 3*n - 9. Determine r(x).
12
Let s(l) = -3*l**2 - 8*l + 2. Let i(k) = -23*k**2 - 31*k - 76. Let f(u) = -i(u) + 8*s(u). Calculate f(-36).
-16
Let i(t) = -t**3 - 2*t**2 + 2*t + 1. Let b(y) = y**3 + 2*y**2 - 2*y + 1. Let z(m) = -3*b(m) - 4*i(m). Let c be z(0). Let n(j) = j + 12. Calculate n(c).
5
Let p(x) = 7*x - 30. Let r be 6 - 0/((-30)/(-10) + -2). Calculate p(r).
12
Suppose 69*x - 107 = -245. Let c(a) = -3*a**2 - 6*a - 5. What is c(x)?
-5
Let m be 156/20 - 24/(-20). Suppose -2*r - m = k, -33 = 5*r - 8*k + 7*k. Let f(h) = h**3 + 6*h**2 - 6. Calculate f(r).
-6
Suppose 5*t + 105 = 20*t. Let v(m) = m**2 - 5. Let g(w) = w**2 + 2*w - 5. Let u(b) = -3*g(b) + 4*v(b). Give u(t).
2
Let t = 99 + -60. Let w(j) = t*j**3 - 12*j**2 + 3 - 40*j**3 - 8 - 3 - j. Calculate w(-12).
4
Let c(l) = 21*l + 87062*l**2 - 26 - 10*l + l**3 - 87071*l**2. Calculate c(8).
-2
Let i = 2179 - 2177. Let g(c) be the first derivative of -2 - 4/3*c**3 - c - 1/4*c**4 - i*c**2. Determine g(-3).
2
Let u(b) = b + 1. Let m = 19 - 4. Let j be (-1 + 3)*m/10. Suppose 2*p - 24 = 5*d, j*p - 5*d + 3*d - 25 = 0. Determine u(p).
8
Let n(w) = 14*w**3 + 14*w**2 - 8*w + 40. Let f(o) = -9*o**3 - 9*o**2 + 5*o - 26. Let m(p) = -8*f(p) - 5*n(p). Determine m(-4).
-88
Let n(h) be the second derivative of -3*h**3/2 + 99*h**2/2 + 5*h + 7. Calculate n(13).
-18
Let h(g) = -7*g**3 + 9*g**2 - 2. Let u(w) = -2*w**2 + 20*w - 21. Let y be u(9). Let r(q) = 9*q**3 - 8*q**2 + 1. Let o(b) = y*r(b) - 4*h(b). Determine o(12).
5
Let n(t) = t - 2. Suppose 44*g = -81 + 301. Let m(z) be the third derivative of 7*z**4/24 - z**3/6 + z**2. Let q(a) = g*n(a) - m(a). What is q(-7)?
5
Suppose 21*g - 40 = 17*g. Suppose 3*d = -3*x + 6, -3*d - 4*x = -8*d + g. Suppose -1 = v - d*v. Let t(q) = 12*q - 1. What is t(v)?
11
Let j(g) be the first derivative of g**4/4 - 4*g**3 - 6*g**2 - 5*g - 1149. What is j(13)?
8
Let p = -28560 - -28558. Let o(f) = 6 + 6*f - 1 + f**2 + 0*f - f. Determine o(p).
-1
Suppose 0 = -4*m + 10 + 15 + 23. Let o(l) = l**3 - 10*l**2 - 17*l - 2. What is o(m)?
82
Let x(u) = 63 + 5 + 29 - 287*u + 282*u. Give x(18).
7
Let u(y) = y**2 + 14*y + 19. Let f be (-3 + -1 - -9)/(((-18)/3)/12). What is u(f)?
-21
Let m(a) = a**2 - 8*a - 5. Let z(v) = 2*v**3 + 5*v**2 - 6*v + 6. Let y be z(-6). Let u be ((-12)/14)/(20/y). Calculate m(u).
4
Let v(b) = -90*b + 500. Let w(j) = -31*j + 167. Let n(a) = -12*v(a) + 35*w(a). Give n(-32).
5
Let o(x) be the third derivative of x**6/120 - x**5/60 - 9*x**3/2 - x**2. Let j = -22668 + 22668. What is o(j)?
-27
Let v(z) = -z**2 - 10*z - 13. Let y(g) = g**3 + 6*g**2 - 4*g + 21. Let m(o) = -o**2 + o + 2. Let b(h) = -2*m(h) + y(h). Let r be b(-9). Give v(r).
-13
Let r(s) be the third derivative of s**4/8 - 119*s**3/6 + s**2 + 167. What is r(43)?
10
Let g = 123 - 81. Let d(m) = 1 - m**3 + 0*m**3 + 40*m**2 + 3*m - g*m**2 + 0*m**3. Let r be d(-3). Let a(y) = -4*y - 1. What is a(r)?
-5
Let t(f) = -f + 11. Let b(h) = -2*h**2 - 88*h + 2. Let r be b(-44). Determine t(r).
9
Let b be 1 - 1*10/(-5). Let h(x) = x**3 - 86 + 96 - 2*x**b - 6*x**2 + 8*x. Give h(-7).
3
Let g be 1/(((-10)/(-75))/(28/(-35))). Let f(w) = -w**2 - 39*w - 187. Calculate f(g).
11
Suppose 4*a + b = 2*a + 11, -a = 3*b + 7. Let u(r) = -9*r + 214. Let c(h) = -52*h + 1233. Let i(f) = 4*c(f) - 23*u(f). Give i(a).
2
Let h(f) = 21*f - 172*f - 3*f**3 + 2*f**3 + 14*f**2 + 121*f + 77. Calculate h(12).
5
Suppose -c + 14 - 10 = 0. Let y(z) be the second derivative of -3*z + 1/6*z**3 + 0 - 1/12*z**4 - 3/2*z**2. Calculate y(c).
-15
Suppose -10 = -4*l + 10, 3*t - 2341 = 4*l. Let x(a) = -t*a + 396*a - 18 + 390*a. Give x(0).
-18
Let a(k) = k**2 + 13*k + 14. Let g = -2648 + 2642. What is a(g)?
-28
Let b(l) = 4*l**3 - 2*l**2 + 1. Let v(u) = 33*u**3 - 21*u**2 + 4*u + 9. Let a(i) = -8*b(i) + v(i). Calculate a(3).
-5
Suppose -138*l = -14*l - 1116. Let h(w) = 19*w - 172. Determine h(l).
-1
Let i(r) = 14*r + 70. Let t(c) = 2*c**2 - 306*c - 4320. Let j be t(-13). Calculate i(j).
14
Let y(w) = w**3 - 24*w**2 + 23*w - 6. Let g be y(23). Let m(t) be the third derivative of -t**4/12 - 2*t**3 - 189*t**2. Give m(g).
0
Suppose 20 = -19*n + 29*n. Let h(m) = -1 + 6 + 11*m**2 - 7 - m**3 - 2*m**2 - 3*m**n + 8*m. Suppose 3*f + 21 = 6*f. Give h(f).
5
Let m(r)